{"id":113,"date":"2025-11-28T14:36:20","date_gmt":"2025-11-28T13:36:20","guid":{"rendered":"https:\/\/www.odkazstefanik.sk\/?page_id=113"},"modified":"2025-11-28T14:57:14","modified_gmt":"2025-11-28T13:57:14","slug":"dnes-lepsi-ako-vcera","status":"publish","type":"page","link":"https:\/\/www.odkazstefanik.sk\/index.php\/dnes-lepsi-ako-vcera\/","title":{"rendered":"Dnes lep\u0161\u00ed ako v\u010dera"},"content":{"rendered":"\n<p>T\u00e1to str\u00e1nka je tvoja mal\u00e1 zast\u00e1vka na zamyslenie.<br>Nap\u00ed\u0161 jednou vetou, \u010do dnes urob\u00ed\u0161 lep\u0161ie ako v\u010dera \u2013 pre seba, pre druh\u00fdch, pre svoj kraj.<\/p>\n\n\n\n<p>Tvoja veta sa po odoslan\u00ed zobraz\u00ed ni\u017e\u0161ie medzi ostatn\u00fdmi in\u0161pir\u00e1ciami.<\/p>\n\n\n\n\t<div class=\"fluentform-block-49009006-6659 ffblock-block-frontend\">\n\t\t<div class=\"ffblock-fluent-form-wrapper ffblock-fluent-form-style-1 \">\n\t\t\t<div class='fluentform ff-default fluentform_wrapper_1 ffs_default_wrap'><form data-form_id=\"1\" id=\"fluentform_1\" class=\"frm-fluent-form fluent_form_1 ff-el-form-top ff_form_instance_1_1 ff-form-loading ffs_default\" data-form_instance=\"ff_form_instance_1_1\" method=\"POST\" ><fieldset  style=\"border: none!important;margin: 0!important;padding: 0!important;background-color: transparent!important;box-shadow: none!important;outline: none!important; min-inline-size: 100%;\">\n                    <legend class=\"ff_screen_reader_title\" style=\"display: block; margin: 0!important;padding: 0!important;height: 0!important;text-indent: -999999px;width: 0!important;overflow:hidden;\">Contact Form Demo<\/legend><input type='hidden' name='__fluent_form_embded_post_id' value='113' \/><input type=\"hidden\" id=\"_fluentform_1_fluentformnonce\" name=\"_fluentform_1_fluentformnonce\" value=\"150a8a4848\" \/><input type=\"hidden\" name=\"_wp_http_referer\" value=\"\/index.php\/wp-json\/wp\/v2\/pages\/113\" \/><div class='ff-el-group'><div class=\"ff-el-input--label ff-el-is-required asterisk-right\"><label for='ff_1_message' id='label_ff_1_message' aria-label=\"Ako m\u00f4\u017ee\u0161 by\u0165 dnes lep\u0161\u00ed ako v\u010dera?\">Ako m\u00f4\u017ee\u0161 by\u0165 dnes lep\u0161\u00ed ako v\u010dera?<\/label><\/div><div class='ff-el-input--content'><textarea aria-required=\"true\" aria-labelledby=\"label_ff_1_message\" name=\"message\" id=\"ff_1_message\" class=\"ff-el-form-control\" placeholder=\"Tvoj Odkaz\" rows=\"4\" cols=\"2\" data-name=\"message\" ><\/textarea><\/div><\/div><div data-type=\"name-element\" data-name=\"names\" class=\" ff-field_container ff-name-field-wrapper\" ><div class='ff-t-container'><div class='ff-t-cell '><div class='ff-el-group'><div class=\"ff-el-input--label asterisk-right\"><label for='ff_1_names_first_name_' id='label_ff_1_names_first_name_' >Meno<\/label><\/div><div class='ff-el-input--content'><input type=\"text\" name=\"names[first_name]\" id=\"ff_1_names_first_name_\" class=\"ff-el-form-control\" placeholder=\"tvoje meno\" aria-invalid=\"false\" aria-required=false><\/div><\/div><\/div><\/div><\/div><div class=\"ff-name-address-wrapper fluent-address\" data-type=\"address-element\" data-name=\"address_2\" ><div class='ff-el-input--label'><label aria-label=\"Mesto\">Mesto<\/label><\/div><div class='ff-el-input--content'><div class='ff-t-container'><div class='ff-t-cell'><div class='ff-el-group'><div class='ff-el-input--content'><input type=\"text\" name=\"address_2[city]\" id=\"ff_1_address_2_city_\" class=\"ff-el-form-control\" placeholder=\"odkia\u013e si\" data-key_name=\"city\"  aria-invalid=\"false\" aria-required=false><\/div><\/div><\/div><\/div><\/div><\/div><div class='ff-el-group'><div class=\"ff-el-input--label asterisk-right\"><label for='ff_1_email' id='label_ff_1_email' aria-label=\"Kontakt na Teba\">Kontakt na Teba<\/label><\/div><div class='ff-el-input--content'><input type=\"email\" name=\"email\" id=\"ff_1_email\" class=\"ff-el-form-control\" placeholder=\"telef\u00f3n alebo email\" data-name=\"email\"  aria-invalid=\"false\" aria-required=false><\/div><\/div><div class='ff-el-group ff-text-left ff_submit_btn_wrapper'><button type=\"submit\" class=\"ff-btn ff-btn-submit ff-btn-md ff_btn_style\"  aria-label=\"Odo\u0161li odkaz\">Odo\u0161li odkaz<\/button><\/div><\/fieldset><\/form><div id='fluentform_1_errors' class='ff-errors-in-stack ff_form_instance_1_1 ff-form-loading_errors ff_form_instance_1_1_errors'><\/div><\/div>            <script type=\"text\/javascript\">\n                window.fluent_form_ff_form_instance_1_1 = {\"id\":\"1\",\"settings\":{\"layout\":{\"labelPlacement\":\"top\",\"helpMessagePlacement\":\"with_label\",\"errorMessagePlacement\":\"inline\",\"cssClassName\":\"\",\"asteriskPlacement\":\"asterisk-right\"},\"restrictions\":{\"denyEmptySubmission\":{\"enabled\":false}}},\"form_instance\":\"ff_form_instance_1_1\",\"form_id_selector\":\"fluentform_1\",\"rules\":{\"message\":{\"required\":{\"value\":true,\"message\":\"This field is required\",\"global\":false,\"global_message\":\"Toto pole je povinn\\u00e9\"}},\"names[first_name]\":{\"required\":{\"value\":false,\"message\":\"This field is required\",\"global\":false,\"global_message\":\"Toto pole je povinn\\u00e9\"}},\"names[middle_name]\":{\"required\":{\"value\":false,\"message\":\"This field is required\",\"global\":false,\"global_message\":\"Toto pole je povinn\\u00e9\"}},\"names[last_name]\":{\"required\":{\"value\":false,\"message\":\"This field is required\",\"global\":false,\"global_message\":\"Toto pole je povinn\\u00e9\"}},\"address_2[address_line_1]\":{\"required\":{\"value\":false,\"message\":\"Toto pole je povinn\\u00e9\",\"global_message\":\"Toto pole je povinn\\u00e9\",\"global\":true}},\"address_2[address_line_2]\":{\"required\":{\"value\":false,\"message\":\"Toto pole je povinn\\u00e9\",\"global_message\":\"Toto pole je povinn\\u00e9\",\"global\":true}},\"address_2[city]\":{\"required\":{\"value\":false,\"message\":\"Toto pole je povinn\\u00e9\",\"global_message\":\"Toto pole je povinn\\u00e9\",\"global\":true}},\"address_2[state]\":{\"required\":{\"value\":false,\"message\":\"Toto pole je povinn\\u00e9\",\"global_message\":\"Toto pole je povinn\\u00e9\",\"global\":true}},\"address_2[zip]\":{\"required\":{\"value\":false,\"message\":\"Toto pole je povinn\\u00e9\",\"global_message\":\"Toto pole je povinn\\u00e9\",\"global\":true}},\"address_2[country]\":{\"required\":{\"value\":false,\"message\":\"Toto pole je povinn\\u00e9\",\"global_message\":\"Toto pole je povinn\\u00e9\",\"global\":true}},\"email\":{\"required\":{\"value\":false,\"message\":\"This field is required\",\"global\":false,\"global_message\":\"Toto pole je povinn\\u00e9\"},\"email\":{\"value\":false,\"message\":\"This field must contain a valid email\",\"global\":false,\"global_message\":\"Toto pole mus\\u00ed obsahova\\u0165 platn\\u00fd e-mail\"}}},\"debounce_time\":300};\n                            <\/script>\n            \t\t<\/div>\n\t<\/div>\n\n\n\n<p>My\u0161lienky t\u00fdch, ktor\u00ed chc\u00fa by\u0165 dnes lep\u0161\u00ed ako v\u010dera<\/p>\n\n\n<div id=\"footable_parent_117\"\n         class=\" footable_parent ninja_table_wrapper loading_ninja_table wp_table_data_press_parent semantic_ui \">\n                <table data-ninja_table_instance=\"ninja_table_instance_0\" data-footable_id=\"117\" data-filter-delay=\"1000\" aria-label=\"Dnes lep\u0161\u00ed ako v\u010dera - odpovede\"            id=\"footable_117\"\n           data-unique_identifier=\"ninja_table_unique_id_2749759374_117\"\n           class=\" foo-table ninja_footable foo_table_117 ninja_table_unique_id_2749759374_117 ui table  nt_type_ajax_table selectable striped vertical_centered  footable-paging-right\">\n                <colgroup>\n                            <col class=\"ninja_column_0 \">\n                            <col class=\"ninja_column_1 \">\n                            <col class=\"ninja_column_2 \">\n                    <\/colgroup>\n            <\/table>\n    \n    \n    \n<\/div>\n\n","protected":false},"excerpt":{"rendered":"<p>T\u00e1to str\u00e1nka je tvoja mal\u00e1 zast\u00e1vka na zamyslenie.Nap\u00ed\u0161 jednou vetou, \u010do dnes urob\u00ed\u0161 lep\u0161ie ako v\u010dera \u2013 pre seba, pre druh\u00fdch, pre svoj kraj. Tvoja veta sa po odoslan\u00ed zobraz\u00ed ni\u017e\u0161ie medzi ostatn\u00fdmi in\u0161pir\u00e1ciami. My\u0161lienky t\u00fdch, ktor\u00ed chc\u00fa by\u0165 dnes lep\u0161\u00ed ako v\u010dera<\/p>\n","protected":false},"author":1,"featured_media":0,"parent":0,"menu_order":0,"comment_status":"closed","ping_status":"closed","template":"","meta":{"footnotes":""},"class_list":["post-113","page","type-page","status-publish","hentry"],"_links":{"self":[{"href":"https:\/\/www.odkazstefanik.sk\/index.php\/wp-json\/wp\/v2\/pages\/113","targetHints":{"allow":["GET"]}}],"collection":[{"href":"https:\/\/www.odkazstefanik.sk\/index.php\/wp-json\/wp\/v2\/pages"}],"about":[{"href":"https:\/\/www.odkazstefanik.sk\/index.php\/wp-json\/wp\/v2\/types\/page"}],"author":[{"embeddable":true,"href":"https:\/\/www.odkazstefanik.sk\/index.php\/wp-json\/wp\/v2\/users\/1"}],"replies":[{"embeddable":true,"href":"https:\/\/www.odkazstefanik.sk\/index.php\/wp-json\/wp\/v2\/comments?post=113"}],"version-history":[{"count":10,"href":"https:\/\/www.odkazstefanik.sk\/index.php\/wp-json\/wp\/v2\/pages\/113\/revisions"}],"predecessor-version":[{"id":128,"href":"https:\/\/www.odkazstefanik.sk\/index.php\/wp-json\/wp\/v2\/pages\/113\/revisions\/128"}],"wp:attachment":[{"href":"https:\/\/www.odkazstefanik.sk\/index.php\/wp-json\/wp\/v2\/media?parent=113"}],"curies":[{"name":"wp","href":"https:\/\/api.w.org\/{rel}","templated":true}]}}