{"id":108,"date":"2025-11-28T15:13:18","date_gmt":"2025-11-28T14:13:18","guid":{"rendered":"https:\/\/www.odkazstefanik.sk\/?page_id=108"},"modified":"2025-11-28T15:13:18","modified_gmt":"2025-11-28T14:13:18","slug":"citaty-m-r-stefanika","status":"publish","type":"page","link":"https:\/\/www.odkazstefanik.sk\/index.php\/citaty-m-r-stefanika\/","title":{"rendered":"Cit\u00e1ty M.R.\u0160tef\u00e1nika"},"content":{"rendered":"\n<p class=\"has-text-align-center\">\u201eMy\u0161lienky Milana Rastislava \u0160tef\u00e1nika, ktor\u00e9 n\u00e1s ved\u00fa aj v 21. storo\u010d\u00ed. Vybrali sme tie, ktor\u00e9 najviac s\u00favisia s t\u00fdm, \u010do rob\u00ed Odkaz \u0160tef\u00e1nik.\u201c<\/p>\n\n\n\n<blockquote class=\"wp-block-quote is-layout-flow wp-block-quote-is-layout-flow\">\n<p>\u2605Mus\u00edm \u00eds\u0165, \u00eds\u0165, neust\u00e1le \u00eds\u0165.<\/p>\n\n\n\n<p>\u2605Mus\u00edme zlep\u0161ovati \u010dlove\u010denstvo, o to n\u00e1m b\u011b\u017e\u00ed, to je na\u0161a \u00faloha.<\/p>\n\n\n\n<p>\u2605Kto si mysl\u00ed, \u017ee mu slobodu druh\u00ed vybojuj\u00fa, ten jej nie je hodn\u00fd.<\/p>\n\n\n\n<p>\u2605Mus\u00edme \u017ei\u0165 jeden pre druh\u00e9ho, lebo \u0161\u0165astie jednotlivcov mohutnie tou mierou, ktorou sa mno\u017e\u00ed v\u00f4kol neho.<\/p>\n\n\n\n<p>\u2605Nem\u00f4\u017eeme udalosti tvori\u0165. Tie s\u00fa v\u00fdsledkom tis\u00edcich faktorov, na ktor\u00e9 nem\u00e1me na v\u0161etky vplyv. M\u00f4\u017eeme im v\u0161ak da\u0165 ur\u010dit\u00fd smer, \u00fatvar.<\/p>\n\n\n\n<p>\u2605Kto je energick\u00fd a vedom\u00fd si cie\u013ea, ten ovl\u00e1da svoj osud takmer dokonale.<\/p>\n\n\n\n<p>\u2605Pre \u013eud\u00ed pevn\u00e9ho predsavzatia a vytrvalosti niet nemo\u017enost\u00ed.<\/p>\n\n\n\n<p>\u2605Odvaha a \u010diny s\u00fa platidlo tejto doby.<\/p>\n\n\n\n<p>\u2605Prek\u00e1\u017eky treba rozbi\u0165, a nie sa im podd\u00e1va\u0165.<\/p>\n\n\n\n<p>\u2605Ja sa prebijem, lebo sa prebi\u0165 chcem.<\/p>\n\n\n\n<p>\u2605Nech ka\u017ed\u00fd z n\u00e1s je dnes lep\u0161\u00ed, ako bol v\u010dera a vlas\u0165 na\u0161a bude ve\u013ek\u00e1 a sl\u00e1vna.<\/p>\n<\/blockquote>\n","protected":false},"excerpt":{"rendered":"<p>\u201eMy\u0161lienky Milana Rastislava \u0160tef\u00e1nika, ktor\u00e9 n\u00e1s ved\u00fa aj v 21. storo\u010d\u00ed. Vybrali sme tie, ktor\u00e9 najviac s\u00favisia s t\u00fdm, \u010do rob\u00ed Odkaz \u0160tef\u00e1nik.\u201c \u2605Mus\u00edm \u00eds\u0165, \u00eds\u0165, neust\u00e1le \u00eds\u0165. \u2605Mus\u00edme zlep\u0161ovati \u010dlove\u010denstvo, o to n\u00e1m b\u011b\u017e\u00ed, to je na\u0161a \u00faloha. \u2605Kto si mysl\u00ed, \u017ee mu slobodu druh\u00ed vybojuj\u00fa, ten jej nie je hodn\u00fd. \u2605Mus\u00edme \u017ei\u0165 jeden [&hellip;]<\/p>\n","protected":false},"author":1,"featured_media":0,"parent":0,"menu_order":0,"comment_status":"closed","ping_status":"closed","template":"","meta":{"footnotes":""},"class_list":["post-108","page","type-page","status-publish","hentry"],"_links":{"self":[{"href":"https:\/\/www.odkazstefanik.sk\/index.php\/wp-json\/wp\/v2\/pages\/108","targetHints":{"allow":["GET"]}}],"collection":[{"href":"https:\/\/www.odkazstefanik.sk\/index.php\/wp-json\/wp\/v2\/pages"}],"about":[{"href":"https:\/\/www.odkazstefanik.sk\/index.php\/wp-json\/wp\/v2\/types\/page"}],"author":[{"embeddable":true,"href":"https:\/\/www.odkazstefanik.sk\/index.php\/wp-json\/wp\/v2\/users\/1"}],"replies":[{"embeddable":true,"href":"https:\/\/www.odkazstefanik.sk\/index.php\/wp-json\/wp\/v2\/comments?post=108"}],"version-history":[{"count":2,"href":"https:\/\/www.odkazstefanik.sk\/index.php\/wp-json\/wp\/v2\/pages\/108\/revisions"}],"predecessor-version":[{"id":130,"href":"https:\/\/www.odkazstefanik.sk\/index.php\/wp-json\/wp\/v2\/pages\/108\/revisions\/130"}],"wp:attachment":[{"href":"https:\/\/www.odkazstefanik.sk\/index.php\/wp-json\/wp\/v2\/media?parent=108"}],"curies":[{"name":"wp","href":"https:\/\/api.w.org\/{rel}","templated":true}]}}

Citáty M.R.Štefánika

<p class="has-text-align-center">„Myšlienky Milana Rastislava Štefánika, ktoré nás vedú aj v 21. storočí. Vybrali sme tie, ktoré najviac súvisia s tým, čo robí Odkaz Štefánik.“</p>



<blockquote class="wp-block-quote is-layout-flow wp-block-quote-is-layout-flow">
<p>★Musím ísť, ísť, neustále ísť.</p>



<p>★Musíme zlepšovati človečenstvo, o to nám běží, to je naša úloha.</p>



<p>★Kto si myslí, že mu slobodu druhí vybojujú, ten jej nie je hodný.</p>



<p>★Musíme žiť jeden pre druhého, lebo šťastie jednotlivcov mohutnie tou mierou, ktorou sa množí vôkol neho.</p>



<p>★Nemôžeme udalosti tvoriť. Tie sú výsledkom tisícich faktorov, na ktoré nemáme na všetky vplyv. Môžeme im však dať určitý smer, útvar.</p>



<p>★Kto je energický a vedomý si cieľa, ten ovláda svoj osud takmer dokonale.</p>



<p>★Pre ľudí pevného predsavzatia a vytrvalosti niet nemožností.</p>



<p>★Odvaha a činy sú platidlo tejto doby.</p>



<p>★Prekážky treba rozbiť, a nie sa im poddávať.</p>



<p>★Ja sa prebijem, lebo sa prebiť chcem.</p>



<p>★Nech každý z nás je dnes lepší, ako bol včera a vlasť naša bude veľká a slávna.</p>
</blockquote>

<p>„Myšlienky Milana Rastislava Štefánika, ktoré nás vedú aj v 21. storočí. Vybrali sme tie, ktoré najviac súvisia s tým, čo robí Odkaz Štefánik.“ ★Musím ísť, ísť, neustále ísť. ★Musíme zlepšovati človečenstvo, o to nám běží, to je naša úloha. ★Kto si myslí, že mu slobodu druhí vybojujú, ten jej nie je hodný. ★Musíme žiť jeden [&hellip;]</p>
